{"id":4210,"date":"2022-05-14T18:56:39","date_gmt":"2022-05-14T16:56:39","guid":{"rendered":"http:\/\/www.gtronic.it\/test\/?page_id=4210"},"modified":"2025-09-17T17:53:09","modified_gmt":"2025-09-17T15:53:09","slug":"pneumax-gruppo-valvole-profinet","status":"publish","type":"page","link":"https:\/\/www.gtronic.it\/test\/index.php\/pneumax-gruppo-valvole-profinet\/","title":{"rendered":"Pneumax gruppo valvole PROFINET"},"content":{"rendered":"<p><img decoding=\"async\" loading=\"lazy\" class=\"alignnone size-full wp-image-4531\" src=\"http:\/\/www.gtronic.it\/test\/wp-content\/uploads\/2022\/05\/pneumax.png\" alt=\"pneumax\" width=\"228\" height=\"42\" \/><\/p>\n<p>Il gruppo valvole Pneumax <a href=\"http:\/\/www.gtronic.it\/test\/wp-content\/uploads\/2022\/05\/GSDML-V2.2-PNEUMAX-OPTYMA-20121016.zip\">OPTYMA<\/a> 32 una volta installati gli opportuni GSD compare nelle vista di rete del sistema e permette l&#8217;istallazione di molteplici monostabili e bistabili indirizzabili da TIA PORTAL nei segmenti Step 7.<\/p>\n<p><img decoding=\"async\" loading=\"lazy\" class=\"alignnone size-full wp-image-4211\" src=\"http:\/\/www.gtronic.it\/test\/wp-content\/uploads\/2022\/05\/Pneumax-Optyma-gruppo-valvole.jpeg\" alt=\"Pneumax Optyma gruppo valvole\" width=\"2000\" height=\"912\" srcset=\"https:\/\/www.gtronic.it\/test\/wp-content\/uploads\/2022\/05\/Pneumax-Optyma-gruppo-valvole.jpeg 2000w, https:\/\/www.gtronic.it\/test\/wp-content\/uploads\/2022\/05\/Pneumax-Optyma-gruppo-valvole-300x137.jpeg 300w, https:\/\/www.gtronic.it\/test\/wp-content\/uploads\/2022\/05\/Pneumax-Optyma-gruppo-valvole-768x350.jpeg 768w, https:\/\/www.gtronic.it\/test\/wp-content\/uploads\/2022\/05\/Pneumax-Optyma-gruppo-valvole-1024x467.jpeg 1024w, https:\/\/www.gtronic.it\/test\/wp-content\/uploads\/2022\/05\/Pneumax-Optyma-gruppo-valvole-500x228.jpeg 500w\" sizes=\"(max-width: 2000px) 100vw, 2000px\" \/><\/p>\n<p>Nel modello mostrato in foto \u00e8 presente un gruppo di 8 ingressi digitali (a sinistra del modulo di testa) e 8 uscite digitali come terminatore sul lato destro.<\/p>\n<p><a href=\"http:\/\/www.gtronic.it\/test\/wp-content\/uploads\/2022\/05\/Conf.-Pneumax.pdf\">Scarica il PDF descrittivo<\/a><\/p>\n<p>Per integrare il sistema in TIA PORTAL V17 \u00e8 necessario installare i file descrittivi GSD scaricabili da questo link:\u00a0<a href=\"http:\/\/www.gtronic.it\/test\/wp-content\/uploads\/2022\/05\/GSDML-V2.2-PNEUMAX-OPTYMA-20121016.zip\">GSDML-V2.2-PNEUMAX-OPTYMA-20121016<\/a><\/p>\n<p>Come esposto Nel testo &#8220;Let&#8217;s Program a PLC, ediz 2022&#8221;, nel capitolo delle periferiche decentrate si dovr\u00e0 procedere all\u2019istallazione tramite i men\u00f9 Option, seguito da \u201cManage General Station Description files\u201d, come nell\u2019immagine.<\/p>\n<p><img decoding=\"async\" loading=\"lazy\" class=\"alignnone size-full wp-image-4526\" src=\"http:\/\/www.gtronic.it\/test\/wp-content\/uploads\/2022\/05\/pneumax-gsd.png\" alt=\"pneumax gsd\" width=\"569\" height=\"288\" srcset=\"https:\/\/www.gtronic.it\/test\/wp-content\/uploads\/2022\/05\/pneumax-gsd.png 569w, https:\/\/www.gtronic.it\/test\/wp-content\/uploads\/2022\/05\/pneumax-gsd-300x152.png 300w, https:\/\/www.gtronic.it\/test\/wp-content\/uploads\/2022\/05\/pneumax-gsd-500x253.png 500w\" sizes=\"(max-width: 569px) 100vw, 569px\" \/><\/p>\n<p>Identificare la cartella che contiene i file GSD e confermare con invio. Dovrebbe comparire questo:<\/p>\n<p><img decoding=\"async\" loading=\"lazy\" class=\"alignnone size-full wp-image-4527\" src=\"http:\/\/www.gtronic.it\/test\/wp-content\/uploads\/2022\/05\/pneumax-gsd-install.png\" alt=\"pneumax gsd install\" width=\"645\" height=\"295\" srcset=\"https:\/\/www.gtronic.it\/test\/wp-content\/uploads\/2022\/05\/pneumax-gsd-install.png 645w, https:\/\/www.gtronic.it\/test\/wp-content\/uploads\/2022\/05\/pneumax-gsd-install-300x137.png 300w, https:\/\/www.gtronic.it\/test\/wp-content\/uploads\/2022\/05\/pneumax-gsd-install-500x229.png 500w\" sizes=\"(max-width: 645px) 100vw, 645px\" \/><\/p>\n<p>Quindi si procede con l\u2019istallazione, che visualizza l\u2019update del catalogo hardware e successivamente permette di prelevare l\u2019oggetto dal pannello di sinistra di TIA per poterlo integrare nella vista di rete.<\/p>\n<p><img decoding=\"async\" loading=\"lazy\" class=\"alignnone size-full wp-image-4528\" src=\"http:\/\/www.gtronic.it\/test\/wp-content\/uploads\/2022\/05\/gsd-install.png\" alt=\"gsd install\" width=\"504\" height=\"173\" srcset=\"https:\/\/www.gtronic.it\/test\/wp-content\/uploads\/2022\/05\/gsd-install.png 504w, https:\/\/www.gtronic.it\/test\/wp-content\/uploads\/2022\/05\/gsd-install-300x103.png 300w, https:\/\/www.gtronic.it\/test\/wp-content\/uploads\/2022\/05\/gsd-install-500x172.png 500w\" sizes=\"(max-width: 504px) 100vw, 504px\" \/><\/p>\n<p>Nella rete compare il dispositivo nella stessa maniera in cui si potr\u00e0 osservare una periferica decentrata.<\/p>\n<p><img decoding=\"async\" loading=\"lazy\" class=\"alignnone size-full wp-image-4529\" src=\"http:\/\/www.gtronic.it\/test\/wp-content\/uploads\/2022\/05\/pneumax-rete.png\" alt=\"pneumax rete\" width=\"546\" height=\"256\" srcset=\"https:\/\/www.gtronic.it\/test\/wp-content\/uploads\/2022\/05\/pneumax-rete.png 546w, https:\/\/www.gtronic.it\/test\/wp-content\/uploads\/2022\/05\/pneumax-rete-300x141.png 300w, https:\/\/www.gtronic.it\/test\/wp-content\/uploads\/2022\/05\/pneumax-rete-500x234.png 500w\" sizes=\"(max-width: 546px) 100vw, 546px\" \/><\/p>\n<p>Nella rete completa viene aggiunto il pannello operatore KTP700 Basic.<\/p>\n<p><img decoding=\"async\" loading=\"lazy\" class=\"alignnone size-full wp-image-4220\" src=\"http:\/\/www.gtronic.it\/test\/wp-content\/uploads\/2022\/05\/rete-pneumax.png\" alt=\"rete pneumax\" width=\"750\" height=\"469\" srcset=\"https:\/\/www.gtronic.it\/test\/wp-content\/uploads\/2022\/05\/rete-pneumax.png 750w, https:\/\/www.gtronic.it\/test\/wp-content\/uploads\/2022\/05\/rete-pneumax-300x188.png 300w, https:\/\/www.gtronic.it\/test\/wp-content\/uploads\/2022\/05\/rete-pneumax-480x300.png 480w\" sizes=\"(max-width: 750px) 100vw, 750px\" \/><\/p>\n<p>Il modulo di testa va arricchito con dispositivi di input e output a seconda delle esigenze progettuali dell&#8217;automazione.<\/p>\n<p><img decoding=\"async\" loading=\"lazy\" class=\"alignnone size-full wp-image-4705\" src=\"http:\/\/www.gtronic.it\/test\/wp-content\/uploads\/2022\/05\/installa-input-pneumax.jpg\" alt=\"installa input pneumax\" width=\"984\" height=\"888\" srcset=\"https:\/\/www.gtronic.it\/test\/wp-content\/uploads\/2022\/05\/installa-input-pneumax.jpg 984w, https:\/\/www.gtronic.it\/test\/wp-content\/uploads\/2022\/05\/installa-input-pneumax-300x271.jpg 300w, https:\/\/www.gtronic.it\/test\/wp-content\/uploads\/2022\/05\/installa-input-pneumax-768x693.jpg 768w, https:\/\/www.gtronic.it\/test\/wp-content\/uploads\/2022\/05\/installa-input-pneumax-332x300.jpg 332w\" sizes=\"(max-width: 984px) 100vw, 984px\" \/><\/p>\n<p>sopra l&#8217;istallazione dei moduli di input.<\/p>\n<p><img decoding=\"async\" loading=\"lazy\" class=\"alignnone size-full wp-image-4703\" src=\"http:\/\/www.gtronic.it\/test\/wp-content\/uploads\/2022\/05\/installa-output-pneumax.jpg\" alt=\"installa output pneumax\" width=\"1049\" height=\"897\" srcset=\"https:\/\/www.gtronic.it\/test\/wp-content\/uploads\/2022\/05\/installa-output-pneumax.jpg 1049w, https:\/\/www.gtronic.it\/test\/wp-content\/uploads\/2022\/05\/installa-output-pneumax-300x257.jpg 300w, https:\/\/www.gtronic.it\/test\/wp-content\/uploads\/2022\/05\/installa-output-pneumax-768x657.jpg 768w, https:\/\/www.gtronic.it\/test\/wp-content\/uploads\/2022\/05\/installa-output-pneumax-1024x876.jpg 1024w, https:\/\/www.gtronic.it\/test\/wp-content\/uploads\/2022\/05\/installa-output-pneumax-351x300.jpg 351w\" sizes=\"(max-width: 1049px) 100vw, 1049px\" \/><\/p>\n<p>sopra vediamo la procedura di inserimento dei moduli di uscita digitale.<\/p>\n<p>Assemblando il dispositivo decentrato (gruppo valvole) vedremo impegnati i byte in uscita da 64 a 67, che dovremo pilotare in modalit\u00e0 puntuale, ad esempio con un segmento contatto\u00a0 pilota bobina, per eccitare i singoli solenoidi.<\/p>\n<p><img decoding=\"async\" loading=\"lazy\" class=\"alignnone size-full wp-image-4226\" src=\"http:\/\/www.gtronic.it\/test\/wp-content\/uploads\/2022\/05\/byte-pneumax.png\" alt=\"byte pneumax\" width=\"862\" height=\"411\" srcset=\"https:\/\/www.gtronic.it\/test\/wp-content\/uploads\/2022\/05\/byte-pneumax.png 862w, https:\/\/www.gtronic.it\/test\/wp-content\/uploads\/2022\/05\/byte-pneumax-300x143.png 300w, https:\/\/www.gtronic.it\/test\/wp-content\/uploads\/2022\/05\/byte-pneumax-768x366.png 768w, https:\/\/www.gtronic.it\/test\/wp-content\/uploads\/2022\/05\/byte-pneumax-500x238.png 500w\" sizes=\"(max-width: 862px) 100vw, 862px\" \/><\/p>\n<p>Ad esempio, la prima valvola 3\/2 monostabile, dell&#8217;esemplare presente nel nostro laboratorio potr\u00e0 essere attivata pilotando la bobina %Q64.0 tramite un contatto pulito, ad esempio DB1.DBX 0.0 a cui collegare un lever switch in HMI.<\/p>\n<p>Il secondo bit, con indirizzo %Q0.1, \u00e8 libero perch\u00e9 predisposto nel caso in quella posizione venisse montato il secondo solenoide di una valvola bistabile.<\/p>\n<p>La prossima valvola monostabile la troveremo quindi all&#8217;indirizzo %Q64.2<\/p>\n<p>La mappatura degli I\/O del nostro esemplare sono mostrati nelle etichette in figura:<\/p>\n<p><img decoding=\"async\" loading=\"lazy\" class=\"alignnone size-full wp-image-4519\" src=\"http:\/\/www.gtronic.it\/test\/wp-content\/uploads\/2022\/05\/Pneumax-indirizzi-valvole-lab-G-Tronic.jpg\" alt=\"Pneumax indirizzi valvole lab G-Tronic\" width=\"1280\" height=\"576\" srcset=\"https:\/\/www.gtronic.it\/test\/wp-content\/uploads\/2022\/05\/Pneumax-indirizzi-valvole-lab-G-Tronic.jpg 1280w, https:\/\/www.gtronic.it\/test\/wp-content\/uploads\/2022\/05\/Pneumax-indirizzi-valvole-lab-G-Tronic-300x135.jpg 300w, https:\/\/www.gtronic.it\/test\/wp-content\/uploads\/2022\/05\/Pneumax-indirizzi-valvole-lab-G-Tronic-768x346.jpg 768w, https:\/\/www.gtronic.it\/test\/wp-content\/uploads\/2022\/05\/Pneumax-indirizzi-valvole-lab-G-Tronic-1024x461.jpg 1024w, https:\/\/www.gtronic.it\/test\/wp-content\/uploads\/2022\/05\/Pneumax-indirizzi-valvole-lab-G-Tronic-500x225.jpg 500w\" sizes=\"(max-width: 1280px) 100vw, 1280px\" \/><\/p>\n<p>Si consiglia di svolgere a titolo di esercizio il MOVE del numero 255 nei byte, a turno, nei byte di uscita %QB64,65,66,67 al fine di osservarne l&#8217;effetto.<\/p>\n<p>Il sistema delle\u00a0valvole\u00a0\u00e8 modulare e si possono assemblare e de assemblare come mostrato sotto.<\/p>\n<p><img decoding=\"async\" loading=\"lazy\" class=\"alignnone size-full wp-image-4521\" src=\"http:\/\/www.gtronic.it\/test\/wp-content\/uploads\/2022\/05\/valvole-pneumax.png\" alt=\"valvole pneumax\" width=\"796\" height=\"459\" srcset=\"https:\/\/www.gtronic.it\/test\/wp-content\/uploads\/2022\/05\/valvole-pneumax.png 796w, https:\/\/www.gtronic.it\/test\/wp-content\/uploads\/2022\/05\/valvole-pneumax-300x173.png 300w, https:\/\/www.gtronic.it\/test\/wp-content\/uploads\/2022\/05\/valvole-pneumax-768x443.png 768w, https:\/\/www.gtronic.it\/test\/wp-content\/uploads\/2022\/05\/valvole-pneumax-500x288.png 500w\" sizes=\"(max-width: 796px) 100vw, 796px\" \/><\/p>\n<p>Le valvole ricevano il flusso dal bus posto nella piattaforma tramite questi condotti:<\/p>\n<p><img decoding=\"async\" loading=\"lazy\" class=\"alignnone size-full wp-image-4522\" src=\"http:\/\/www.gtronic.it\/test\/wp-content\/uploads\/2022\/05\/pneumax-bus.png\" alt=\"pneumax bus\" width=\"458\" height=\"362\" srcset=\"https:\/\/www.gtronic.it\/test\/wp-content\/uploads\/2022\/05\/pneumax-bus.png 458w, https:\/\/www.gtronic.it\/test\/wp-content\/uploads\/2022\/05\/pneumax-bus-300x237.png 300w, https:\/\/www.gtronic.it\/test\/wp-content\/uploads\/2022\/05\/pneumax-bus-380x300.png 380w\" sizes=\"(max-width: 458px) 100vw, 458px\" \/><\/p>\n<p>Il corpo valvole, visto da sotto, mostra i raccordi pneumatici rapidi, posizionati e con funzioni come da schema.<\/p>\n<p>Ogni valvola entra in un contesto modulare dove sia il BUS di alimentazione dell\u2019aria che dei segnali elettrici di comando ai solenoidi \u00e8 gi\u00e0 stato creato nella base, che quindi pu\u00f2 crescere inserendo fino a 32 valvole tipicamente monostabili (hanno un solo LED di segnalazione dello stato) o bistabili che presentano due LED di segnalazione dello stato.<\/p>\n<p><img decoding=\"async\" loading=\"lazy\" class=\"alignnone size-full wp-image-4523\" src=\"http:\/\/www.gtronic.it\/test\/wp-content\/uploads\/2022\/05\/valvola.png\" alt=\"valvola\" width=\"683\" height=\"385\" srcset=\"https:\/\/www.gtronic.it\/test\/wp-content\/uploads\/2022\/05\/valvola.png 683w, https:\/\/www.gtronic.it\/test\/wp-content\/uploads\/2022\/05\/valvola-300x169.png 300w, https:\/\/www.gtronic.it\/test\/wp-content\/uploads\/2022\/05\/valvola-500x282.png 500w\" sizes=\"(max-width: 683px) 100vw, 683px\" \/><\/p>\n<p>Per pilotare le valvole sar\u00e0 sufficiente creare dei segmenti con contatto pilotante una bobina. L\u2019 indirizzo sar\u00e0 quello rilevabile interrogando le propriet\u00e0 del dispositivo, quindi visualizzare gli slot, poi gli indirizzi assegnati al byte del gruppo.<\/p>\n<p>Vedi lo schema di collegamento del sistema Pneumax in cui figurano i morsetti logici che non sono esistenti come morsetti fisici e va considerato solo come indirizzamento logico (l&#8217;elettricista non deve cercare di cablare dei morsetti inesistenti perch\u00e9 il collegamento \u00e8 il controllo avviene in realt\u00e0 via PROFINET).<\/p>\n<p><img decoding=\"async\" loading=\"lazy\" class=\"alignnone wp-image-5792 size-full\" src=\"http:\/\/www.gtronic.it\/test\/wp-content\/uploads\/2025\/09\/morsettoera-pneumax.png\" alt=\"\" width=\"719\" height=\"485\" srcset=\"https:\/\/www.gtronic.it\/test\/wp-content\/uploads\/2025\/09\/morsettoera-pneumax.png 719w, https:\/\/www.gtronic.it\/test\/wp-content\/uploads\/2025\/09\/morsettoera-pneumax-300x202.png 300w, https:\/\/www.gtronic.it\/test\/wp-content\/uploads\/2025\/09\/morsettoera-pneumax-445x300.png 445w\" sizes=\"(max-width: 719px) 100vw, 719px\" \/><\/p>\n<p><a href=\"http:\/\/www.gtronic.it\/test\/wp-content\/uploads\/2022\/05\/schema-collegamento-plc-pneumax.pdf\">schema\u00a0indirizzamento PLC pneumax<\/a><\/p>\n<p><strong>Nota<\/strong>: Se non si ottiene il caricamento corretto agendo in download solo nella CPU, come di consueto con le periferiche decentrate, allora procedere anche al caricamento direttamente sulla periferica Pneumax.<\/p>\n<p>Questo \u00e8 un programma di esempio che permette di controllare le valvole con pochi segmenti, utile come template per ottenere i GSD nel proprio sistema senza installarli manualmente<\/p>\n<p><img decoding=\"async\" loading=\"lazy\" class=\"alignnone size-full wp-image-4575\" src=\"http:\/\/www.gtronic.it\/test\/wp-content\/uploads\/2022\/05\/HMI-gruppo-valvole.png\" alt=\"HMI gruppo valvole\" width=\"677\" height=\"475\" srcset=\"https:\/\/www.gtronic.it\/test\/wp-content\/uploads\/2022\/05\/HMI-gruppo-valvole.png 677w, https:\/\/www.gtronic.it\/test\/wp-content\/uploads\/2022\/05\/HMI-gruppo-valvole-300x210.png 300w, https:\/\/www.gtronic.it\/test\/wp-content\/uploads\/2022\/05\/HMI-gruppo-valvole-428x300.png 428w\" sizes=\"(max-width: 677px) 100vw, 677px\" \/><\/p>\n<p>L&#8217;interfaccia HMI mostrata sopra \u00e8 in grado di controllare le variabili inserite nel DB mostrata sotto e in parallelo gli indirizzi delle valvole pilotate tramite PROFINET.<\/p>\n<p><img decoding=\"async\" loading=\"lazy\" class=\"alignnone size-full wp-image-4578\" src=\"http:\/\/www.gtronic.it\/test\/wp-content\/uploads\/2022\/05\/contenuto-DB.png\" alt=\"contenuto DB\" width=\"575\" height=\"476\" srcset=\"https:\/\/www.gtronic.it\/test\/wp-content\/uploads\/2022\/05\/contenuto-DB.png 575w, https:\/\/www.gtronic.it\/test\/wp-content\/uploads\/2022\/05\/contenuto-DB-300x248.png 300w, https:\/\/www.gtronic.it\/test\/wp-content\/uploads\/2022\/05\/contenuto-DB-362x300.png 362w\" sizes=\"(max-width: 575px) 100vw, 575px\" \/><\/p>\n<p>I segmenti di programma saranno tutti simili a quello mostrato sotto.<\/p>\n<p><img decoding=\"async\" loading=\"lazy\" class=\"alignnone size-full wp-image-4579\" src=\"http:\/\/www.gtronic.it\/test\/wp-content\/uploads\/2022\/05\/comando-prima-valvola.png\" alt=\"comando prima valvola\" width=\"440\" height=\"149\" srcset=\"https:\/\/www.gtronic.it\/test\/wp-content\/uploads\/2022\/05\/comando-prima-valvola.png 440w, https:\/\/www.gtronic.it\/test\/wp-content\/uploads\/2022\/05\/comando-prima-valvola-300x102.png 300w\" sizes=\"(max-width: 440px) 100vw, 440px\" \/><\/p>\n<p>Scarica il progetto TIA V17 <a href=\"http:\/\/www.gtronic.it\/test\/wp-content\/uploads\/2022\/05\/Pneumax-Valvole-1.zip\">Pneumax Valvole esempio<\/a><\/p>\n<p><a href=\"http:\/\/www.gtronic.it\/test\/wp-content\/uploads\/2022\/05\/pneumax-gruppo-valvole.zip\">Scarica il programma pi\u00f9 completo con interblocchi<\/a><\/p>\n<p><img decoding=\"async\" loading=\"lazy\" class=\"alignnone size-full wp-image-4222\" src=\"http:\/\/www.gtronic.it\/test\/wp-content\/uploads\/2022\/05\/libro-PLC-esercizi-2022.png\" alt=\"libro PLC esercizi 2022\" width=\"952\" height=\"808\" srcset=\"https:\/\/www.gtronic.it\/test\/wp-content\/uploads\/2022\/05\/libro-PLC-esercizi-2022.png 952w, https:\/\/www.gtronic.it\/test\/wp-content\/uploads\/2022\/05\/libro-PLC-esercizi-2022-300x255.png 300w, https:\/\/www.gtronic.it\/test\/wp-content\/uploads\/2022\/05\/libro-PLC-esercizi-2022-768x652.png 768w, https:\/\/www.gtronic.it\/test\/wp-content\/uploads\/2022\/05\/libro-PLC-esercizi-2022-353x300.png 353w\" sizes=\"(max-width: 952px) 100vw, 952px\" \/><\/p>\n<p><strong>Libro dedicato agli istituti tecnici &#8211; ITS e universit\u00e0<\/strong><\/p>\n<p>Per adottare questo libro di testo nelle vostre scuole \u00e8 sufficiente entrare nel portale AIE e cercare il link &#8220;adozioni&#8221;, quindi seguire la procedura per indicare il libro di testo mostrato sotto secondo autore, edizione, edizioni G-Tronic, <strong>ISBN-979-8345038970<\/strong>\u00a0 \u00a0<strong>Nota bene<\/strong>: Se vi hanno fatto credere che non si pu\u00f2 adottare il libro che preferite vi hanno mentito. Esiste addirittura un helpdesk che vi aiuter\u00e0 nella procedura per l&#8217;inserimento del testo nel caso venisse riscontrata qualche difficolt\u00e0.<\/p>\n<p>Il libro sotto mostrato \u00e8 disponibile a condizioni Amazon con la carta del docente e carta del merito o altri bonus per gli studenti.<\/p>\n<p><img decoding=\"async\" loading=\"lazy\" class=\"alignnone wp-image-5665 size-full\" src=\"http:\/\/www.gtronic.it\/test\/wp-content\/uploads\/2025\/03\/Esercitazioni-PLC-2025-Gottardo.jpg\" alt=\"\" width=\"914\" height=\"466\" srcset=\"https:\/\/www.gtronic.it\/test\/wp-content\/uploads\/2025\/03\/Esercitazioni-PLC-2025-Gottardo.jpg 914w, https:\/\/www.gtronic.it\/test\/wp-content\/uploads\/2025\/03\/Esercitazioni-PLC-2025-Gottardo-300x153.jpg 300w, https:\/\/www.gtronic.it\/test\/wp-content\/uploads\/2025\/03\/Esercitazioni-PLC-2025-Gottardo-768x392.jpg 768w, https:\/\/www.gtronic.it\/test\/wp-content\/uploads\/2025\/03\/Esercitazioni-PLC-2025-Gottardo-500x255.jpg 500w\" sizes=\"(max-width: 914px) 100vw, 914px\" \/><\/p>\n<p>Scarica il programma di test del gruppo valvole\u00a0\u00a0<a href=\"http:\/\/www.gtronic.it\/test\/wp-content\/uploads\/2022\/05\/pneumax-gruppo-valvole-1.zip\">pneumax gruppo valvole<\/a><\/p>\n<p>Torna alla pagina di <a href=\"http:\/\/www.gtronic.it\/test\/index.php\/programmazione-plc\/\">programmazione dei PLC<\/a><\/p>\n","protected":false},"excerpt":{"rendered":"<p>Il gruppo valvole Pneumax OPTYMA 32 una volta installati gli opportuni GSD compare nelle vista di rete del sistema e permette l&#8217;istallazione di molteplici monostabili e bistabili indirizzabili da TIA PORTAL nei segmenti Step 7. Nel modello mostrato in foto &hellip; <a href=\"https:\/\/www.gtronic.it\/test\/index.php\/pneumax-gruppo-valvole-profinet\/\">Continua a leggere<span class=\"meta-nav\">&rarr;<\/span><\/a><\/p>\n","protected":false},"author":1,"featured_media":0,"parent":0,"menu_order":0,"comment_status":"closed","ping_status":"closed","template":"","meta":[],"_links":{"self":[{"href":"https:\/\/www.gtronic.it\/test\/index.php\/wp-json\/wp\/v2\/pages\/4210"}],"collection":[{"href":"https:\/\/www.gtronic.it\/test\/index.php\/wp-json\/wp\/v2\/pages"}],"about":[{"href":"https:\/\/www.gtronic.it\/test\/index.php\/wp-json\/wp\/v2\/types\/page"}],"author":[{"embeddable":true,"href":"https:\/\/www.gtronic.it\/test\/index.php\/wp-json\/wp\/v2\/users\/1"}],"replies":[{"embeddable":true,"href":"https:\/\/www.gtronic.it\/test\/index.php\/wp-json\/wp\/v2\/comments?post=4210"}],"version-history":[{"count":26,"href":"https:\/\/www.gtronic.it\/test\/index.php\/wp-json\/wp\/v2\/pages\/4210\/revisions"}],"predecessor-version":[{"id":5795,"href":"https:\/\/www.gtronic.it\/test\/index.php\/wp-json\/wp\/v2\/pages\/4210\/revisions\/5795"}],"wp:attachment":[{"href":"https:\/\/www.gtronic.it\/test\/index.php\/wp-json\/wp\/v2\/media?parent=4210"}],"curies":[{"name":"wp","href":"https:\/\/api.w.org\/{rel}","templated":true}]}}