{"id":4063,"date":"2022-04-20T11:52:12","date_gmt":"2022-04-20T09:52:12","guid":{"rendered":"http:\/\/www.gtronic.it\/test\/?page_id=4063"},"modified":"2022-04-24T08:29:12","modified_gmt":"2022-04-24T06:29:12","slug":"terza-liceo-siic-esame-di-informatica","status":"publish","type":"page","link":"https:\/\/www.gtronic.it\/test\/index.php\/terza-liceo-siic-esame-di-informatica\/","title":{"rendered":"Terza Liceo SIIC &#8211; Esame di informatica"},"content":{"rendered":"<p><strong>Programma per esame classe terza liceo<\/strong><br \/>\n<strong>Le reti:<\/strong><br \/>\nTopologie di reti<br \/>\nTipologie di reti<br \/>\nArchitetture<br \/>\nModem, Router<br \/>\nSwitch, Hub<br \/>\n<strong>Le basi di dati:<\/strong><br \/>\nIntroduzione ai database e relativi concetti<br \/>\nSviluppo di semplici database<br \/>\n<strong>Internet e il web:<\/strong><br \/>\nLinguaggi di markup<br \/>\nIntroduzione alle pagine web<br \/>\nCreazione di pagine web con HTML<br \/>\nCenni di CSS<br \/>\nCenni di HTML5<br \/>\nSviluppo di un sito web interdisciplinare<\/p>\n<hr \/>\n<p><strong>RISPOSTE<\/strong><\/p>\n<hr \/>\n<p><strong>Topologia delle reti<\/strong><\/p>\n<p>La topologia delle reti \u00e8 la disposizione delle componenti ovvero computer e infrastrutture come switch, router, access point, ecc. Tutti sono riassunti nel nome &#8220;componenti di rete&#8221;.<\/p>\n<p>Si deve distinguere tra topologia logica e topologia fisica che indica le connessioni elettriche e posizionamento degli oggetti.<\/p>\n<p><strong>Le topologie in uso sono<\/strong>:<\/p>\n<p>1) Rete a maglia<br \/>\n2) Rete a stella<br \/>\n3) Rete ad anello<br \/>\n4) Rete ad albero<br \/>\n5) Rete a bus<\/p>\n<p>Nel dettaglio si possono descrivere con i seguenti vantaggi, svantaggi, forma e funzionalit\u00e0:<\/p>\n<hr \/>\n<p><strong>Rete mesh in italiano a maglia.<\/strong><\/p>\n<p><img decoding=\"async\" loading=\"lazy\" class=\"alignnone size-full wp-image-4158 alignleft\" src=\"http:\/\/www.gtronic.it\/test\/wp-content\/uploads\/2022\/04\/mesh.png\" alt=\"mesh\" width=\"208\" height=\"154\" \/>I nodi sono tutti interconnessi quindi da ogni punto \u00e8 possibile raggiungere un altro tramite una sola connessione fisica.<br \/>\nSe uno dei cavi si rompe \u00e8 possibile raggiungere il nodo tramite un altro percorso anche se non minimo.<br \/>\nEsistono quindi dei percorsi chiusi all&#8217;interno della rete che si chiamano maglie con percorsi multipli tra i nodi.<br \/>\nLo studio e la realizzazione si fa con la teoria dei grafi.<br \/>\nQuesto significa che esistono <strong>due tipologie di reti mesh<\/strong>:<br \/>\n1) Parzialmente connessa se viene utilizzata solo una parte di tutti i collegamenti diretti esistenti tra i nodi;<\/p>\n<p>2) completamente connessa se ogni nodo \u00e8 collegato direttamente con tutti i nodi attraverso rami dedicati.<\/p>\n<p>Il numero di cavi necessari \u00e8 sfavorevole rispetto a altre topologie perch\u00e9 c&#8217;\u00e8 una ridondanza per soddisfare i percorsi in ricezione e trasmissione.<br \/>\nPer una rete di 10 computer i cavi necessari saranno la sommatoria di 10-1, quindi 9+8+7+6+5+4+3+2+1 = 45 fili.<br \/>\n<strong>Vantaggi<\/strong>: Estremamente veloce a causa dei percorsi dedicati per ogni trasmissione.<br \/>\n<strong>Svantaggi<\/strong>: Difficile da espandere, Troppi cavi per reti grandi.<br \/>\nUtilizzo: Interconnessioni tra server geografici e reti metropolitane. Il costo \u00e8 molto elevato e si realizza solo quando \u00e8 necessaria una estrema velocit\u00e0.<\/p>\n<hr \/>\n<p><strong>Rete a stella<\/strong><\/p>\n<p><img decoding=\"async\" loading=\"lazy\" class=\"alignnone size-full wp-image-4156 alignleft\" src=\"http:\/\/www.gtronic.it\/test\/wp-content\/uploads\/2022\/04\/star.png\" alt=\"star\" width=\"147\" height=\"164\" \/>Esiste un nodo centrale detto padre a cui si connettono tutti i nodi detti figli, detto centro stella.<br \/>\nIl centro stella \u00e8 di solito un Hub ovvero un dispositivo hardware con tante porte RJ45 oppure in fibra ottica che duplica i pacchetti e li invia a tutti, ovvero usa la tecnica broadcast.<br \/>\nGli Switch invece distinguono a chi \u00e8 destinato il pacchetto e bilanciano il carico di rete.<\/p>\n<p><strong>Funzionamento della rete a stella<\/strong><br \/>\nOgni nodo figlio, un computer, invia un pacchetto al nodo centrale che lo inoltra al destinatario.<br \/>\nle reti <strong>LAN (Local Area Network)<\/strong> sono tipicamente a stella. Una topologia a stella standard va bene solo\u00a0per reti piccole come le reti private delle aziende.<br \/>\nI router consentono di ingrandire queste reti.<\/p>\n<p><strong>I vantaggi<\/strong><br \/>\nIn caso di guasto si blocca solo il nodo interessato e il resto della rete continua a funzionare. Ci pensa il nodo centrale a tenere in piedi la rete. E&#8217; molto affidabile dal momento che eventuali guasti non compromettono il funzionamento dell\u2019intera rete. Rimane isolato solo il nodo guasto, mentre gli altri continuano a funzionare passando per il nodo centrale;<br \/>\nSi espande facilmente collegando pi\u00f9 reti a stella tra loro tramite un solo filo tra due hub come se fossero due nodi della stessa stella. Si crea dunque un concatenamento, o collegamento in cascata, da cui ha origine la cosiddetta rete a stella in espansione.<br \/>\nLa rete \u00e8 sempre disponibile per cui ogni computer pu\u00f2 inviare dati in qualsiasi momento.<\/p>\n<p><strong>Svantaggi<\/strong><br \/>\nC&#8217;\u00e8 Rischio di sovraccarico del nodo padre in caso di un intenso traffico di rete.<br \/>\nSe si blocca o rompe lo switch smette di funzionare dal quel punto gerarchico in gi\u00f9, se si blocca quello generale, il padre, si blocca tutta la rete.<\/p>\n<hr \/>\n<p><strong>Rete ad anello<\/strong><br \/>\n<img decoding=\"async\" loading=\"lazy\" class=\"alignnone size-full wp-image-4159 alignleft\" src=\"http:\/\/www.gtronic.it\/test\/wp-content\/uploads\/2022\/04\/ring.png\" alt=\"ring\" width=\"147\" height=\"144\" \/>In questa rete i nodi sono disposti a forma di cerchio creando un anello, senza l\u2019esistenza di nodi terminali. I computer sono collegati con un cavo circolare. E&#8217; la topologia \u00e8 usata per le reti <strong>Wan<\/strong>, spesso fatte in fibra ottica che \u00e8 un mezzo di trasmissione unidirezionale.<\/p>\n<p><strong>Funzionamento dell&#8217;anello<\/strong><br \/>\nCiascun nodo verifica se il pacchetto \u00e8 indirizzato a lui quindi decide se usarlo o passarlo oltre.<br \/>\nLa trasmissione termina quando il pacchetto fa un intero giro e ritorna al nodo trasmittente. Il percorso pu\u00f2 avvenire in modo unidirezionale o bidirezionale.<\/p>\n<p><strong>Unidirezionale<\/strong>, in senso orario o antiorario a seconda dei casi, in cui sussiste un alto rischio di guasti perch\u00e9 se un collegamento non funziona compromette l\u2019intera rete.<br \/>\n<strong>Bidirezionale<\/strong>, per cui ciascun nodo pu\u00f2 inviare il messaggio sia al nodo precedente che a quello successivo. In questa modalit\u00e0 ad un eventuale guasto, di un solo terminale,\u00a0viene risulto sfruttando la direzione ancora attiva.<\/p>\n<p><strong>I vantaggi<\/strong><br \/>\nElevata estendibilit\u00e0 della rete, garantita dal potenziamento del segnale da parte di ogni nodo;<br \/>\nFacilit\u00e0 di realizzazione;<br \/>\nSistema semplice da costruire e sufficientemente veloce.<\/p>\n<p><strong>Gli svantaggi<\/strong><br \/>\nBassa tolleranza ai guasti per quanto riguarda l\u2019anello unidirezionale perch\u00e9 se si verifica un problema a un singolo cavo o nodo l\u2019intera rete si blocca;<\/p>\n<p><strong>Scarsa diffusione:<\/strong> oggi tale topologia \u00e8 quasi sparita nelle aziende ma era usata nei primi sistemi a fibra ottica (FDDI) che ora si sono evoluti. Anche le token ring, tecnologia diffusa nei computer di media fascia, stanno abbandonando la topologia ad anello;<\/p>\n<p>Difficolt\u00e0 di espansione dovuta proprio al rischio di guasto, minore per\u00f2 nelle reti bidirezionali che sono le pi\u00f9 diffuse tra quelle ad anello.<\/p>\n<hr \/>\n<p><strong>Rete ad albero<\/strong><br \/>\n<img decoding=\"async\" loading=\"lazy\" class=\"size-full wp-image-4160 alignleft\" src=\"http:\/\/www.gtronic.it\/test\/wp-content\/uploads\/2022\/04\/albero.png\" alt=\"albero\" width=\"211\" height=\"207\" \/>E&#8217; una topologia dalla struttura gerarchica e multilivello, in cui a ogni nodo ne sono collegati altri due di livello inferiore<\/p>\n<p><strong>Come funziona una rete ad albero<\/strong><br \/>\nIl nodo padre o nodo radice (root) \u00e8 collegato ai nodi figli detti foglie (leaves) che possono essere padri dei sottostanti, creando una nuova struttura gerarchica. Ogni nodo si raggiunge attraverso un solo percorso.<\/p>\n<p><strong>I vantaggi<\/strong><br \/>\nCosti contenuti che garantiscono un ottimo rapporto tra prezzo e velocit\u00e0 e una minore complessit\u00e0 di realizzazione.<br \/>\nFacile espandibilit\u00e0 attraverso i nodi figli che possono diventare a loro volta radici.<\/p>\n<p><strong>Gli svantaggi<\/strong><br \/>\nNon c\u2019\u00e8 tolleranza ai guasti dal momento che se si interrompe un collegamento che porta a un nodo padre rimane isolata anche tutta la sua discendenza.<br \/>\nEsiste il rischio di blocco totale se si guasta il nodo radice principale.<\/p>\n<hr \/>\n<p><strong>Rete a bus<\/strong><\/p>\n<p><img decoding=\"async\" loading=\"lazy\" class=\"size-full wp-image-4161 alignleft\" src=\"http:\/\/www.gtronic.it\/test\/wp-content\/uploads\/2022\/04\/bus.png\" alt=\"bus\" width=\"128\" height=\"109\" \/>Un unico cavo, munito di appositi terminatori resistivi alle estremit\u00e0, contiene i pacchetti inviati da tutti i nodi.\u00a0 \u00a0Questi ascoltano il bus e se identificano un pacchetto indirizzato a loro lo estraggono. La rete \u00e8 cosi piena di dati anche quando non indirizzati a una specifica destinazione.<\/p>\n<p>Il <strong>vantaggio<\/strong> principale \u00e8 che si eliminano quasi tutti i cavi ma gli<strong> svantaggi<\/strong> sono un elevato traffico e una alta sensibilit\u00e0 ai guasti, infatti se si sgancia un nodo senza bypasssarlo cade tutta la rete<\/p>\n<hr \/>\n<p>&nbsp;<\/p>\n","protected":false},"excerpt":{"rendered":"<p>Programma per esame classe terza liceo Le reti: Topologie di reti Tipologie di reti Architetture Modem, Router Switch, Hub Le basi di dati: Introduzione ai database e relativi concetti Sviluppo di semplici database Internet e il web: Linguaggi di markup &hellip; <a href=\"https:\/\/www.gtronic.it\/test\/index.php\/terza-liceo-siic-esame-di-informatica\/\">Continua a leggere<span class=\"meta-nav\">&rarr;<\/span><\/a><\/p>\n","protected":false},"author":1,"featured_media":0,"parent":0,"menu_order":0,"comment_status":"closed","ping_status":"closed","template":"","meta":[],"_links":{"self":[{"href":"https:\/\/www.gtronic.it\/test\/index.php\/wp-json\/wp\/v2\/pages\/4063"}],"collection":[{"href":"https:\/\/www.gtronic.it\/test\/index.php\/wp-json\/wp\/v2\/pages"}],"about":[{"href":"https:\/\/www.gtronic.it\/test\/index.php\/wp-json\/wp\/v2\/types\/page"}],"author":[{"embeddable":true,"href":"https:\/\/www.gtronic.it\/test\/index.php\/wp-json\/wp\/v2\/users\/1"}],"replies":[{"embeddable":true,"href":"https:\/\/www.gtronic.it\/test\/index.php\/wp-json\/wp\/v2\/comments?post=4063"}],"version-history":[{"count":17,"href":"https:\/\/www.gtronic.it\/test\/index.php\/wp-json\/wp\/v2\/pages\/4063\/revisions"}],"predecessor-version":[{"id":4163,"href":"https:\/\/www.gtronic.it\/test\/index.php\/wp-json\/wp\/v2\/pages\/4063\/revisions\/4163"}],"wp:attachment":[{"href":"https:\/\/www.gtronic.it\/test\/index.php\/wp-json\/wp\/v2\/media?parent=4063"}],"curies":[{"name":"wp","href":"https:\/\/api.w.org\/{rel}","templated":true}]}}