{"id":350,"date":"2017-01-22T17:14:20","date_gmt":"2017-01-22T16:14:20","guid":{"rendered":"http:\/\/www.gtronic.it\/test\/?page_id=350"},"modified":"2026-04-10T17:07:14","modified_gmt":"2026-04-10T15:07:14","slug":"corsi-formazione","status":"publish","type":"page","link":"https:\/\/www.gtronic.it\/test\/index.php\/corsi-formazione\/","title":{"rendered":"Corsi di formazione"},"content":{"rendered":"<p><strong>L&#8217;ing. Marco Gottardo \u00e8 docente formatore certificato Siemens SCE, il settore educativo di Siemens, autorizzato a usare il marchio Siemens SCE sugli attestati rilasciati.<\/strong><\/p>\n<p><img decoding=\"async\" loading=\"lazy\" class=\"alignnone size-full wp-image-4016\" src=\"http:\/\/www.gtronic.it\/test\/wp-content\/uploads\/2017\/01\/Certificato-Simens-SCE-training-ing-Gottardo.png\" alt=\"Certificato Simens SCE training ing Gottardo\" width=\"993\" height=\"1352\" srcset=\"https:\/\/www.gtronic.it\/test\/wp-content\/uploads\/2017\/01\/Certificato-Simens-SCE-training-ing-Gottardo.png 993w, https:\/\/www.gtronic.it\/test\/wp-content\/uploads\/2017\/01\/Certificato-Simens-SCE-training-ing-Gottardo-220x300.png 220w, https:\/\/www.gtronic.it\/test\/wp-content\/uploads\/2017\/01\/Certificato-Simens-SCE-training-ing-Gottardo-768x1046.png 768w, https:\/\/www.gtronic.it\/test\/wp-content\/uploads\/2017\/01\/Certificato-Simens-SCE-training-ing-Gottardo-752x1024.png 752w\" sizes=\"(max-width: 993px) 100vw, 993px\" \/><\/p>\n<p><strong>Modalit\u00e0 corsi<\/strong><\/p>\n<ul>\n<li>tardo pomeridiano dalle 17:00 alle 20:00 tre volte alla settimana<\/li>\n<li>serale, dalle 20:00 alle 23:00 tre volte alla settimana<\/li>\n<li>in tre week end (sabato e domenica a richiesta con pernotto)<\/li>\n<li>Campus 5 o 7 giorni (per privati 250\u20ac piu iva)\u00a0 pensione completa a richiesta +50\u20ac al giorno.<\/li>\n<li>Campus 5 o 7 giorni (per aziende 1000\u20ac+iva o 1200\u20ac pi\u00f9 iva) compreso vitto e alloggio.<\/li>\n<\/ul>\n<p><strong>Offerta formativa, corsi PLC oppure elettronica o Microcontrollori inverno 2024<\/strong><\/p>\n<ul>\n<li><a href=\"http:\/\/www.gtronic.it\/test\/wp-content\/uploads\/2017\/01\/Corsi-G-Tronic-brochure.pdf\">Scarica la brochure corsi proposti con costi.<\/a><\/li>\n<li><a href=\"http:\/\/www.gtronic.it\/test\/wp-content\/uploads\/2017\/01\/Adozioni-libri-scolastici-su-AIE.pdf\">Adozioni libri scolastici su AIE<\/a><\/li>\n<li><a href=\"https:\/\/www.amazon.it\/dp\/B0GDVSKT9T\">Libro &#8220;Azionamenti&#8221; percorso avanzato di programmazione PLC<\/a><\/li>\n<\/ul>\n<p><img decoding=\"async\" loading=\"lazy\" class=\"alignnone wp-image-5913 size-full\" src=\"http:\/\/www.gtronic.it\/test\/wp-content\/uploads\/2026\/04\/Aprile-Maggio-2026.png\" alt=\"\" width=\"885\" height=\"677\" srcset=\"https:\/\/www.gtronic.it\/test\/wp-content\/uploads\/2026\/04\/Aprile-Maggio-2026.png 885w, https:\/\/www.gtronic.it\/test\/wp-content\/uploads\/2026\/04\/Aprile-Maggio-2026-300x229.png 300w, https:\/\/www.gtronic.it\/test\/wp-content\/uploads\/2026\/04\/Aprile-Maggio-2026-768x587.png 768w, https:\/\/www.gtronic.it\/test\/wp-content\/uploads\/2026\/04\/Aprile-Maggio-2026-392x300.png 392w\" sizes=\"(max-width: 885px) 100vw, 885px\" \/><\/p>\n<p>Le date mostrate sopra sono valide per i corsi aziendali che per privati o docenti.<\/p>\n<p><img decoding=\"async\" loading=\"lazy\" class=\"alignnone size-full wp-image-5874\" src=\"http:\/\/www.gtronic.it\/test\/wp-content\/uploads\/2026\/01\/4-marzo-2025-il-primo-1212C-G2.jpg\" alt=\"\" width=\"1543\" height=\"1600\" srcset=\"https:\/\/www.gtronic.it\/test\/wp-content\/uploads\/2026\/01\/4-marzo-2025-il-primo-1212C-G2.jpg 1543w, https:\/\/www.gtronic.it\/test\/wp-content\/uploads\/2026\/01\/4-marzo-2025-il-primo-1212C-G2-289x300.jpg 289w, https:\/\/www.gtronic.it\/test\/wp-content\/uploads\/2026\/01\/4-marzo-2025-il-primo-1212C-G2-988x1024.jpg 988w, https:\/\/www.gtronic.it\/test\/wp-content\/uploads\/2026\/01\/4-marzo-2025-il-primo-1212C-G2-768x796.jpg 768w, https:\/\/www.gtronic.it\/test\/wp-content\/uploads\/2026\/01\/4-marzo-2025-il-primo-1212C-G2-1481x1536.jpg 1481w\" sizes=\"(max-width: 1543px) 100vw, 1543px\" \/><\/p>\n<p><strong><span style=\"color: #ff0000;\">Le tariffe per le aziende sono invece 1000\u20ac pi\u00f9 di IVA per 5 giorni, con vitto e alloggio e di 1200\u20ac pi\u00f9 iva per 7 giorni con vitto e alloggio. Navetta da e per la stazione di Padova compresa.<\/span><\/strong><\/p>\n<p>contatto telefonico per prenotazioni (anche vitto e alloggio)<strong>\u00a03356204892<\/strong><\/p>\n<p><strong>I corsi in modalit\u00e0 campus potranno essere usufruiti nelle date:<br \/>\n(\u00e8 possibile ridurre a 5 giorni)<\/strong><\/p>\n<p><strong>Prenotarsi per il campus nel periodo primavera\/estate<\/strong><\/p>\n<p><strong>Campus Maggio 2026<\/strong><br \/>\nda luned\u00ec 4 Maggio a domenica 10 Maggio 2026<br \/>\nda luned\u00ec 11 Maggio\u00a0 a domenica 17\u00a0Maggio 2026<br \/>\nda luned\u00ec 18 Maggio a domenica 24\u00a0Maggio 2026<br \/>\nda luned\u00ec 25 Maggio a domenica 31 Maggio 2026<\/p>\n<p><strong>Campus Giugno\u00a0 2026<\/strong><br \/>\nda luned\u00ec 1 Giugno a domenica 7 Giugno 2026<br \/>\nda luned\u00ec 8 Giugno a domenica 14\u00a0Giugno 2026<br \/>\nda luned\u00ec 15 Giugno a domenica 21\u00a0Giugno 2026<br \/>\nda luned\u00ec 21 Giugno a domenica 28\u00a0Giugno 2026<br \/>\nda luned\u00ec 28 Giugno a domenica 5\u00a0Luglio 2026<\/p>\n<p><strong>Campus Luglio 2026<\/strong><br \/>\nda luned\u00ec 29 Giugno a domenica 5 Luglio 2026<br \/>\nda luned\u00ec 6 Luglio a domenica 12\u00a0Luglio 2026<br \/>\nda luned\u00ec 13 Luglio a domenica 19\u00a0Luglio 2026<br \/>\nda luned\u00ec 20 Luglio a domenica 26\u00a0Luglio 2026<br \/>\nda luned\u00ec 27 Luglio a domenica 2\u00a0Agosto 2026<\/p>\n<p><strong>Campus Agosto 2026<\/strong><br \/>\nda luned\u00ec 3 Agosto a domenica 9 Agosto 2026<br \/>\nda luned\u00ec 10 Agosto a domenica 16\u00a0Agosto 2026<br \/>\nda luned\u00ec 17 Agosto a domenica 23\u00a0Agosto 2026<br \/>\nda luned\u00ec 24 Agosto a domenica 30\u00a0Agosto 2026<br \/>\nda luned\u00ec 31 Agosto a domenica 6\u00a0Settembre 2026<\/p>\n<p><strong>2026 (non serve pagare preiscrizione), usando la mail: ad.noctis@gmail.com)<\/strong><\/p>\n<p>Siamo aperti durante le vacanze Pasquali, chi fosse interessato faccia richiesta anche per un periodo personalizzato.<\/p>\n<p>La <strong>G-Tronic Robotics Didactic Division<\/strong> offre due diverse tipologie di servizio.<\/p>\n<ul>\n<li>Formazione aziendale, presso la\u00a0sede del cliente (anche in lingua inglese).<\/li>\n<li>Formazione \u00a0professionale a privati presso la nostra sede.<\/li>\n<\/ul>\n<p><img decoding=\"async\" loading=\"lazy\" class=\"alignnone size-full wp-image-2144\" src=\"http:\/\/www.gtronic.it\/test\/wp-content\/uploads\/2017\/01\/G-Tronic-Robotics-Didactis-Division-da-gennaio-2019.png\" alt=\"G-Tronic Robotics Didactis Division da gennaio 2019\" width=\"765\" height=\"376\" srcset=\"https:\/\/www.gtronic.it\/test\/wp-content\/uploads\/2017\/01\/G-Tronic-Robotics-Didactis-Division-da-gennaio-2019.png 765w, https:\/\/www.gtronic.it\/test\/wp-content\/uploads\/2017\/01\/G-Tronic-Robotics-Didactis-Division-da-gennaio-2019-300x147.png 300w, https:\/\/www.gtronic.it\/test\/wp-content\/uploads\/2017\/01\/G-Tronic-Robotics-Didactis-Division-da-gennaio-2019-500x246.png 500w\" sizes=\"(max-width: 765px) 100vw, 765px\" \/><\/p>\n<p style=\"text-align: center;\">Sede di via Andorra 22, 35127, zona industriale di Padova. (con convitto)<\/p>\n<p style=\"text-align: center;\"><img decoding=\"async\" loading=\"lazy\" class=\"alignnone size-full wp-image-2256\" src=\"http:\/\/www.gtronic.it\/test\/wp-content\/uploads\/2017\/01\/sala-riunioni-4.jpg\" alt=\"sala riunioni 4\" width=\"1024\" height=\"768\" srcset=\"https:\/\/www.gtronic.it\/test\/wp-content\/uploads\/2017\/01\/sala-riunioni-4.jpg 1024w, https:\/\/www.gtronic.it\/test\/wp-content\/uploads\/2017\/01\/sala-riunioni-4-300x225.jpg 300w, https:\/\/www.gtronic.it\/test\/wp-content\/uploads\/2017\/01\/sala-riunioni-4-768x576.jpg 768w, https:\/\/www.gtronic.it\/test\/wp-content\/uploads\/2017\/01\/sala-riunioni-4-400x300.jpg 400w\" sizes=\"(max-width: 1024px) 100vw, 1024px\" \/><\/p>\n<p style=\"text-align: left;\"><strong>G-Tronic Robotics divisione cultura<\/strong>. Sede di Via Quarta strada, Sala conferenza 80 posti, disponibile anche per vostre riunioni aziendali, assemblee sindacali, eventi culturali, conferenze, info:335 6204892.<\/p>\n<p><img decoding=\"async\" loading=\"lazy\" class=\"alignnone size-full wp-image-1632\" src=\"http:\/\/www.gtronic.it\/test\/wp-content\/uploads\/2017\/01\/PLC-8-febbraio-2017.jpg\" alt=\"PLC 8 febbraio 2017\" width=\"960\" height=\"540\" srcset=\"https:\/\/www.gtronic.it\/test\/wp-content\/uploads\/2017\/01\/PLC-8-febbraio-2017.jpg 960w, https:\/\/www.gtronic.it\/test\/wp-content\/uploads\/2017\/01\/PLC-8-febbraio-2017-300x169.jpg 300w, https:\/\/www.gtronic.it\/test\/wp-content\/uploads\/2017\/01\/PLC-8-febbraio-2017-768x432.jpg 768w, https:\/\/www.gtronic.it\/test\/wp-content\/uploads\/2017\/01\/PLC-8-febbraio-2017-500x281.jpg 500w\" sizes=\"(max-width: 960px) 100vw, 960px\" \/><\/p>\n<p><img decoding=\"async\" loading=\"lazy\" class=\"alignnone size-full wp-image-353\" src=\"http:\/\/www.gtronic.it\/test\/wp-content\/uploads\/2017\/01\/G-Tronic-lezioen-PLC.jpg\" alt=\"G-Tronic lezioen PLC\" width=\"960\" height=\"540\" srcset=\"https:\/\/www.gtronic.it\/test\/wp-content\/uploads\/2017\/01\/G-Tronic-lezioen-PLC.jpg 960w, https:\/\/www.gtronic.it\/test\/wp-content\/uploads\/2017\/01\/G-Tronic-lezioen-PLC-300x169.jpg 300w, https:\/\/www.gtronic.it\/test\/wp-content\/uploads\/2017\/01\/G-Tronic-lezioen-PLC-768x432.jpg 768w, https:\/\/www.gtronic.it\/test\/wp-content\/uploads\/2017\/01\/G-Tronic-lezioen-PLC-500x281.jpg 500w\" sizes=\"(max-width: 960px) 100vw, 960px\" \/><\/p>\n<p><strong>Aziende che hanno usufruito delle servizio di formazione.<\/strong><\/p>\n<ol>\n<li>Enel spa.<\/li>\n<li>Tecnoindustrie spa<\/li>\n<li><a href=\"https:\/\/www.carraro.com\/it\/job\/\">Carraro spa (Bronzola PD)<\/a><\/li>\n<li><a href=\"http:\/\/www.sisma.com\/ita\/\">Sisma spa (Schio Vi)<\/a><\/li>\n<li><a href=\"https:\/\/www.electrolux.it\/\">Electrolux spa<\/a><\/li>\n<li><a href=\"http:\/\/www.alcoa.com\/global\/en\/home.asp\">Alcoa spa<\/a><\/li>\n<li><a href=\"http:\/\/www.deangeliprodotti.com\/\">Deangelis prodotti spa<\/a><\/li>\n<li><a href=\"http:\/\/www.leasgroup.com\/it\/chi-siamo\/la-nostra-storia.html\">Leas engineering spa<\/a><\/li>\n<li><a href=\"http:\/\/www.baxi.it\/\">Baxi Ocean spa<\/a><\/li>\n<li><a href=\"http:\/\/www.mevis.com\/\">Mevis spa<\/a><\/li>\n<li><a href=\"http:\/\/www.ecielettronica.it\/\">E.C.I. elettronica srl<\/a> (amministratore installatore manutentore reti LAN)<\/li>\n<li>Viemme srl\u00a0 (macchine automatiche per il tessile)<\/li>\n<li><a href=\"http:\/\/www.paginegialle.it\/valdagno-vi\/elettronica\/italsea\">Italsea\u00a0<\/a><\/li>\n<li><a href=\"http:\/\/www.vortexhydra.com\/\">Vortex Hydra spa<\/a><\/li>\n<li><a href=\"http:\/\/www.tecnologiaindustriale.eu\/\">Tecnologia Industriale srl<\/a><\/li>\n<li><a href=\"http:\/\/www.galvoservice.it\/\">Galvo service<\/a><\/li>\n<li><a href=\"https:\/\/www.abanalitica.com\/it\/\">AB analitica (formazione progettazione strumentazione biomedica)<\/a><\/li>\n<li><a href=\"http:\/\/www.elektrasrl.com\/en\/\">Elektra srl\u00a0 (programmazione microcontrollori PIC per l&#8217;uff. Tecnico)<\/a><\/li>\n<li>Oil &amp; Gas service Bolzano vicentino<\/li>\n<li><a href=\"http:\/\/www.enronresearch.com\/\">Enron reserch, Polonia<\/a><\/li>\n<li>Energ\u00f2 srl<\/li>\n<li>Ferran srl\u00a0 (Firenze)<\/li>\n<li><a href=\"http:\/\/www.enronresearch.com\/about.html\">Enron research<\/a><\/li>\n<li>MB macchine Bertollo<\/li>\n<li>LS- termomeccanica<\/li>\n<li>i-Guzzini spa (Recanati)<\/li>\n<li>Qbit solution srl<\/li>\n<li>FinMecc\u00a0 srl (Roma)<\/li>\n<\/ol>\n<p>L&#8217;ing. Gottardo,\u00a0\u00e8 stato impegnato in progetti di\u00a0\u00a0ricerca in ambito di fusione termonucleare a confinamento magnetico presso il consorzio RFX, CNR, Padova.<\/p>\n<p><strong>New:\u00a0 PLC programming for foreigners in Italy.\u00a0<\/strong><a href=\"https:\/\/www.youtube.com\/watch?v=fR2aAF0MWnQ\">Video demo<\/a>\u00a0PLC programming for foreigners in Italy. Lectures aimed at preparing specialized programmers operating all over the world. Practical and theoretical contents. Many laboratory tests on Siemens systems. A certificate of attendance will be issued in English. Italian graduate, doctorates and postdoc will also admitted to participate.<\/p>\n<p>La formazione professionale in sede, usufruibile sia da privati che da\u00a0aziende o professionisti si svolge secondo\u00a0quattro modalit\u00e0.<\/p>\n<ol>\n<li>Lezioni serali di tre ore circa in due possibili fasce orarie, prima fascia dalle 17:00 alle 20:00\u00a0e seconda fascia dalle 20:00 alle 23:00, sono proposte secondo i calendari in questo sito e diffuse tramite altre canali ad esempio il gruppo &#8220;Micro-GT microcontrollori PIC&#8221; di facebook. Pagamento completo alla prima lezione.<\/li>\n<li>Nei Week end, formula particolarmente apprezzata dai professionisti o da chi \u00e8 impegnato in\u00a0attivit\u00e0 lavorativa. Chi abita molto lontano da Padova pu\u00f2 richiedere il corso\u00a0intensivo che consiste nell&#8217;unire il week end ai primi due giorni della settimana raggiungendo comunque il monte ore previsto\u00a0ottenendo l&#8217;attestato di frequenza.\u00a0\u00a0I nostri corsi sono stato seguito anche da persone provenienti dalle nostre isole o addirittura fuori dall&#8217;Italia.\u00a0Il costo rimane invariato.\u00a0Pagamento completo alla prima lezione.<\/li>\n<li>Modalit\u00e0 full immersion, detta anche campus, che richiede la presenza in sede per almeno 5 giornate consecutive. Gli affiliati all&#8217;associazione ALSI potranno usufruire della modalit\u00e0 a convitto presso la nostra sede. Le date delle 5 giornate di formazione potranno essere concordate e usufruibili in qualunque periodo dell&#8217;anno.\u00a0Pagamento completo alla prima lezione, se aziendale al ricevimento della fattura elettronica emessa alla data della prima lezione.<\/li>\n<li>I corsi da tenersi presso le sedi dei clienti sono concordati con il committente tramite un primo contatto telefonico al numero <strong>3356204892<\/strong> e una successiva riunione programmatica in cui si concordano contenuti, durata e si accetta la tariffa standard riportata nella fattura proforma rilasciata in questo momento. Con questo si intende che la scrittura privata non sar\u00e0 accettata come imposta da modelli prestilati specialmente quando si faccia riferimento a metodi di finanziamento con\u00a0altri enti quali regione ecc. Nella sostanza l&#8217;accordo commerciale che verr\u00e0 accettato \u00e8 solo quello tra il committente e la G-Tronic Robotics escludendo qualsiasi forma di &#8220;pagheremo quando otterremo il finanziamento&#8221; o cose del genere. \u00a0\u00a0Il pagamento della prestazione avverr\u00e0 alla data di emissione della fattura elettronica concomitante con la data dell&#8217;ultima lezione.<\/li>\n<\/ol>\n<p>In ogni caso le durate dell&#8217;intervento saranno di 40 ore perch\u00e9 il metodo didattico \u00e8 dimensionato e ben collaudato su questo carico, tuttavia sale a 50 nella modalit\u00e0 intensivo e quasi 60 nella formula tre week end, senza costi aggiuntivi. Ogni livello e ogni corso costa all&#8217;utente finale 305\u20ac IVA compresa (ovvero 250\u20ac pi\u00f9 IVA). L&#8217;offerta cambia se il corso \u00e8 svolto presso la sede aziendale del cliente.<\/p>\n<ul>\n<li><a href=\"http:\/\/www.gtronic.it\/test\/index.php\/catalogo-corsi-g-tronic\/\">Vedi catalogo corsi.<\/a><\/li>\n<li><a href=\"http:\/\/www.gtronic.it\/test\/index.php\/calendario-corsi-g-tronic-2020\/\">Vedi calendario dei corsi attivi e in prossima attivazione.<\/a><\/li>\n<\/ul>\n<p>Contatto telefonico per prenotazioni (anche vitto e alloggio)<strong>\u00a03356204892<\/strong><\/p>\n<p>Sono in attivazione i corsi serali di: Programmazione dei PLC primo livello oppure advanced PLC programming (propedeutico il primo livello), Programmazione microcontrollori PIC, Elettronica con laboratorio SMD, Robotica, Installatore manutentore e amministratore delle reti LAN, Assemblatore e riparatore di PC desktop e notebook.<\/p>\n<ul>\n<li>Prima fascia oraria 17:00 -20:00<\/li>\n<li>Seconda fascia 20:00-23:00<\/li>\n<\/ul>\n<p>Lezioni week end per chi abita oltre 40km o altre citt\u00e0 dalle 9:00 del sabato alle 18:00 idem domenica.\u00a0 Accessibili per recupero anche ai normali corsisti.<\/p>\n<p>Tariffa unica per tutti i corsi <strong>per privati<\/strong> 305\u20ac IVA compresa (250\u20ac piu IVA), <strong>50 ore<\/strong>, si rilascia attestato di frequenza con logo Siemens SCE e G-Tronic\u00a0oltre a\u00a0 A.L.S.I. (Associazione degli studenti lavoratori di ingegneria.<\/p>\n<p>Si dispone di laboratori attrezzati per i <strong>corsi serali<\/strong>.<\/p>\n<ul>\n<li>PLC -&gt; Lunedi e Mercoled\u00ec<\/li>\n<li>Elettronica, Robotica, programmazione PIC -&gt; Marted\u00ec e Gioved\u00ec.<\/li>\n<li>Reti LAN, PLC -&gt; Venerd\u00ec<\/li>\n<li>Nei week end PLC tutti i livelli, elettronica e Microcontrollori PIC.<\/li>\n<\/ul>\n<p><strong>Iscrizioni aperte.<\/strong> Chiamare il 3356204892.\u00a0\u00a0 Non sono richiesti bonifici o anticipi. Il corso si paga in contanti o con bonifico entro la prima lezione, e non \u00e8 rimborsabile, su emissione della fattura che funge da modulo di iscrizione. Grande vantaggio \u00e8 che non esistono lezioni perse ma solo spostate in date diverse qualora l\u2019allievo fosse impossibilitato da problemi di lavoro o familiari.<\/p>\n<p><strong>Attivazione corso di programmazione dei PLC Siemens S7-300 e 1200\/1500 con TIA Portal V21 nei week end, per chi viene da fuori Padova. (durata 50 ore in 3 week end). Si attiva contestualmente anche il corso di Programmazione dei Micro PIC<\/strong><\/p>\n<p><strong>Prenotarsi per il corso in 3 week end nel periodo invernale e primaverile 2026, (non serve pagare preiscrizione), usando la mail: ad.noctis@gmail.com)<\/strong><\/p>\n<p><strong>Week end di Aprile 2026<\/strong><br \/>\nsabato 18 e domenica 19 Aprile 2026<br \/>\nsabato 25 e domenica 26 Aprile 2026<\/p>\n<p><strong>Week end di Maggio 2026<\/strong><br \/>\nsabato 2 e domenica 3 Maggio 2026<br \/>\nsabato 9 e domenica 10\u00a0Maggio 2026<br \/>\nsabato 16 e domenica 17 Maggio 2026<br \/>\nsabato 23 e domenica 24\u00a0Maggio 2026<br \/>\nsabato 30 e domenica 31\u00a0Maggio 2026<\/p>\n<p><strong>Week end di Giugno 2026<\/strong><br \/>\nsabato 6 e domenica 7 Giugno 2026<br \/>\nsabato 13 e domenica 14 Giugno 2026<br \/>\nsabato 16 e domenica 17 Giugno 2026<br \/>\nsabato 20 e domenica 21 Giugno 2026<br \/>\nsabato 27 e domenica 28 Giugno 2026<\/p>\n<p><strong>Week end di Luglio 2026<\/strong><br \/>\nsabato 4 e domenica 5 Luglio 2026<br \/>\nsabato 11 e domenica 12\u00a0Luglio 2026<br \/>\nsabato 18 e domenica 19 Luglio 2026<br \/>\nsabato 25 e domenica 26 Luglio 2026<\/p>\n<p><strong>E&#8217; possibile richiedere e prenotarsi per i week end o i campus di Agosto 2026<\/strong><\/p>\n<p>Si pu\u00f2\u00a0entrare in corso in qualunque momento e gli orari hanno una discreta flessibilit\u00e0. Le lezioni perse\u00a0per motivi di lavoro\u00a0si possono recuperare.\u00a0(le iscrizioni sono\u00a0aperte, contattare la segreteria tramite il numero\u00a0<strong>3356204892<\/strong> ing Gottardo. Non sono richiesti bonifici in anticipo, carte di credito ecc.\u00a0 (Si paga il corso entro la prima lezione, e da quel momento non \u00e8 pi\u00f9 rimborsabile)<\/p>\n<p><strong>Programmazione avanzata dei PLC<\/strong>, indicata per chi ha gi\u00e0 fatto il primo livello presso i nostro corsi. Il libro adottato \u00e8\u00a0 <a href=\"https:\/\/www.amazon.it\/dp\/B0GDVSKT9T\">\u00a0Azionamenti<\/a><\/p>\n<p><strong>Prossima attivazione\u00a0 corso PLC serale<\/strong>\u00a0 Ogni luned\u00ec e mercoled\u00ec 20:00-23:00. <a href=\"https:\/\/www.amazon.it\/dp\/B09SV3LVLQ\">Eserciziario<\/a>&#8230;. <a href=\"https:\/\/www.amazon.it\/dp\/B0CR82J3J9\">Libro teoria<\/a> se corso avanzato <a href=\"https:\/\/www.amazon.it\/dp\/B0GDVSKT9T\">Azionamenti<\/a> e <a href=\"https:\/\/www.amazon.it\/dp\/B0BRGSVKFG\">ingegneria dei processi<\/a><br \/>\n<strong>Programmazione Microcontrollori<\/strong>\u00a0PIC marted\u00ec e gioved\u00ec. <a href=\"https:\/\/www.amazon.it\/dp\/B09WCTQH4M\">Libro di testo<\/a><br \/>\n<strong>Elettronica con tecniche smd<\/strong>\u00a0marted\u00ec e gioved\u00ec.\u00a0 \u00a0<a href=\"https:\/\/www.amazon.it\/dp\/1724826638\">Libro di test<\/a>o<br \/>\n<strong>Progettazione elettronica con CAD Eagle<\/strong>\u00a0(<a href=\"http:\/\/www.gtronic.it\/test\/wp-content\/uploads\/2017\/01\/Alimentatore-universale-regolabile.pdf\">Esempio Alimentatore regolabile<\/a>) <a href=\"https:\/\/www.amazon.it\/dp\/B08MSMP9RM\">Libro<\/a><br \/>\n<strong>Robotica applicata<\/strong>\u00a0(il corso di PIC \u00e8 propedeutico).\u00a0<a href=\"https:\/\/www.amazon.it\/dp\/B08MSV1R4P\">Libro di testo<\/a><br \/>\n<strong>Programmazione FPGA e sistemi SoC<\/strong>\u00a0solo il venerd\u00ec.\u00a0 \u00a0<a href=\"https:\/\/www.amazon.it\/dp\/1326806068\">Libro di testo<\/a><br \/>\n<strong>Amministratore installatore manutentore di reti LAN<\/strong>\u00a0a\u00a0Aprile 2022.\u00a0 \u00a0<a href=\"https:\/\/www.lulu.com\/it\/shop\/marco-gottardo\/amministratore-installatore-manutentore-delle-reti-lan\/paperback\/product-1re6k6gy.html?q=reti+lan&amp;page=1&amp;pageSize=4\">Libro di testo<\/a><\/p>\n","protected":false},"excerpt":{"rendered":"<p>L&#8217;ing. Marco Gottardo \u00e8 docente formatore certificato Siemens SCE, il settore educativo di Siemens, autorizzato a usare il marchio Siemens SCE sugli attestati rilasciati. Modalit\u00e0 corsi tardo pomeridiano dalle 17:00 alle 20:00 tre volte alla settimana serale, dalle 20:00 alle &hellip; <a href=\"https:\/\/www.gtronic.it\/test\/index.php\/corsi-formazione\/\">Continua a leggere<span class=\"meta-nav\">&rarr;<\/span><\/a><\/p>\n","protected":false},"author":1,"featured_media":0,"parent":0,"menu_order":0,"comment_status":"closed","ping_status":"closed","template":"","meta":[],"_links":{"self":[{"href":"https:\/\/www.gtronic.it\/test\/index.php\/wp-json\/wp\/v2\/pages\/350"}],"collection":[{"href":"https:\/\/www.gtronic.it\/test\/index.php\/wp-json\/wp\/v2\/pages"}],"about":[{"href":"https:\/\/www.gtronic.it\/test\/index.php\/wp-json\/wp\/v2\/types\/page"}],"author":[{"embeddable":true,"href":"https:\/\/www.gtronic.it\/test\/index.php\/wp-json\/wp\/v2\/users\/1"}],"replies":[{"embeddable":true,"href":"https:\/\/www.gtronic.it\/test\/index.php\/wp-json\/wp\/v2\/comments?post=350"}],"version-history":[{"count":110,"href":"https:\/\/www.gtronic.it\/test\/index.php\/wp-json\/wp\/v2\/pages\/350\/revisions"}],"predecessor-version":[{"id":5935,"href":"https:\/\/www.gtronic.it\/test\/index.php\/wp-json\/wp\/v2\/pages\/350\/revisions\/5935"}],"wp:attachment":[{"href":"https:\/\/www.gtronic.it\/test\/index.php\/wp-json\/wp\/v2\/media?parent=350"}],"curies":[{"name":"wp","href":"https:\/\/api.w.org\/{rel}","templated":true}]}}