{"id":168,"date":"2016-06-13T15:03:22","date_gmt":"2016-06-13T13:03:22","guid":{"rendered":"http:\/\/www.gtronic.it\/test\/?page_id=168"},"modified":"2018-06-03T19:34:34","modified_gmt":"2018-06-03T17:34:34","slug":"altro","status":"publish","type":"page","link":"https:\/\/www.gtronic.it\/test\/index.php\/altro\/","title":{"rendered":"Elettronica Teoria e pratica"},"content":{"rendered":"<p><span class=\"list-price\"><strong>Elettronica Analogica e Digitale con laboratorio e tecniche SMD. Edizione 2018<\/strong><\/span><\/p>\n<div class=\"actual-price-display\"><span class=\"price-label\"><img decoding=\"async\" loading=\"lazy\" class=\"size-full wp-image-1903 alignleft\" src=\"http:\/\/www.gtronic.it\/test\/wp-content\/uploads\/2016\/06\/Elettronica-e-laboratorio-con-tecniche-SMD-ed-2018.jpg\" alt=\"Elettronica e laboratorio con tecniche SMD ed 2018\" width=\"212\" height=\"320\" srcset=\"https:\/\/www.gtronic.it\/test\/wp-content\/uploads\/2016\/06\/Elettronica-e-laboratorio-con-tecniche-SMD-ed-2018.jpg 212w, https:\/\/www.gtronic.it\/test\/wp-content\/uploads\/2016\/06\/Elettronica-e-laboratorio-con-tecniche-SMD-ed-2018-199x300.jpg 199w\" sizes=\"(max-width: 212px) 100vw, 212px\" \/>Prezzo<\/span> <span class=\"actual-price\"> \u20ac 38,50 <span class=\"price-label\">(IVA esclusa)<\/span><\/span><\/div>\n<div class=\"shipping-info\">\n<div>Stampa in 3-5 giorni feriali<\/div>\n<div>ISBN:9780244691448<\/div>\n<div><a href=\"http:\/\/www.lulu.com\/shop\/marco-gottardo\/elettronica-analogica-e-digitale-con-laboratorio-e-tecniche-smd-edizione-2018\/paperback\/product-23668944.html\"><u><span style=\"color: #0066cc;\">Vai al sito di vendita<\/span><\/u><\/a><\/div>\n<\/div>\n<div class=\"description\">Questo libro, giunto alla seconda edizione a Giungno 2018, sostituisce la precedente di cui ne migliora la grafica e amplia alcuni contenuti. Raccoglie i 25 anni di esperienza didattica dell\u2019autore e propone un\u2019ampia collezione di esperienze pratiche. Il lettore verr\u00e0 guidato nella soluzioni di problemi che spaziano in praticamente tutti i campi dell\u2019elettronica. Qui troverete anche le necessarie basi teoriche in merito alla tecnologia elettronica, lo sviluppo di circuiti stampati con Eagle, una chiara trattazione di elettrotecnica, forti basi per l\u2019uso degli amplificatori operazionali, elettronica digitale anche programmabile, sui sistemi a Microcontrollori PIC si piattaforma MPLabX, e unico in Italia un\u2019introduzione allo sviluppo dei sistemi SoC, ovvero System on chip. Questi sono sistemi basati sui processori ZYNQ7000 che integrano una potente sezione ARM multicore con una estesa area FPGA della Xilinx. Un\u2019interessante capitolo sulle<span class=\"more-text\"> trasmissioni radio amatoriali \u00e8 stato inserito e ampliato.<\/span><\/div>\n<div class=\"description\">\n<hr \/>\n<div class=\"actual-price-display\"><strong>Amplificatori Operazionali 2018.<\/strong><\/div>\n<div class=\"actual-price-display\"><\/div>\n<div class=\"actual-price-display\"><span class=\"price-label\"><img decoding=\"async\" loading=\"lazy\" class=\"size-full wp-image-1908 alignleft\" src=\"http:\/\/www.gtronic.it\/test\/wp-content\/uploads\/2016\/06\/Ampificatori-operazionali-edizione-2018.jpg\" alt=\"Ampificatori operazionali edizione 2018\" width=\"212\" height=\"320\" srcset=\"https:\/\/www.gtronic.it\/test\/wp-content\/uploads\/2016\/06\/Ampificatori-operazionali-edizione-2018.jpg 212w, https:\/\/www.gtronic.it\/test\/wp-content\/uploads\/2016\/06\/Ampificatori-operazionali-edizione-2018-199x300.jpg 199w\" sizes=\"(max-width: 212px) 100vw, 212px\" \/>Prezzo<\/span> <span class=\"actual-price\"> \u20ac 21,25\u00a0<span class=\"price-label\">(IVA esclusa) ISBN:9780244689261<\/span><\/span><\/div>\n<div class=\"actual-price-display\"><a href=\"http:\/\/www.lulu.com\/shop\/marco-gottardo\/amplificatori-operazionali-edizione-2018\/paperback\/product-23666394.html\">Vai al sito di vendita<\/a><\/div>\n<div class=\"shipping-info\">\n<div>Stampa in 3-5 giorni feriali<\/div>\n<\/div>\n<div class=\"description\">Questa terza edizione completamente rinnovata nella sua veste grafica e rivista nei contenuti \u00e8 stata sviluppata per rispondere alle esigenze di chiarezza e sintesi richiesti dagli allievi dei corsi di formazione e dei corsi hobbistici presenti nel territorio. Il testo \u00e8 ufficialmente adottato ai corsi di formazione professionali tenuti dall&#8217;ing. Marco Gottardo presso le aule della G-Tronic Robotics, a Padova. Rispetto all\u2019edizione precedente \u00e8 arricchito di nuovi capitoli per la progettazione di oscillatori sinusoidali, l&#8217;analisi della risposta in frequenza dei filtri attivi di ordine superiore, generatori di forme d&#8217;onda, analisi del rumore, comparatori con isteresi, interfacciamento a transistor per applicazioni audio. Un importante capitolo \u00e8 dedicato all&#8217;introduzione del CAD Eagle per la progettazione e lo sviluppo dei circuiti stampati, con un chiaro esempio guidato. Contiene numerosi esercizi svolti SMD. Approfondito il capitolo dei filtri<span class=\"more-text\"> analogici. Ottimo per autodidatti e hobbisti<\/span><\/div>\n<div class=\"description\">\n<hr \/>\n<div class=\"actual-price-display\"><strong><span class=\"price-label\">Dummytronics 2017.<\/span><\/strong><\/div>\n<div class=\"actual-price-display\"><\/div>\n<div class=\"actual-price-display\"><span class=\"price-label\"><img decoding=\"async\" loading=\"lazy\" class=\"alignnone size-medium wp-image-322 alignleft\" src=\"http:\/\/www.gtronic.it\/test\/wp-content\/uploads\/2016\/06\/Dummytronics_2017-gottardo-199x300.jpg\" alt=\"Dummytronics_2017 gottardo\" width=\"199\" height=\"300\" srcset=\"https:\/\/www.gtronic.it\/test\/wp-content\/uploads\/2016\/06\/Dummytronics_2017-gottardo-199x300.jpg 199w, https:\/\/www.gtronic.it\/test\/wp-content\/uploads\/2016\/06\/Dummytronics_2017-gottardo.jpg 212w\" sizes=\"(max-width: 199px) 100vw, 199px\" \/>Prezzo<\/span> <span class=\"actual-price\"> \u20ac 18,69 <span class=\"price-label\">(IVA esclusa)<\/span> <\/span><\/div>\n<div class=\"actual-price-display\"><a href=\"http:\/\/www.lulu.com\/shop\/marco-gottardo\/dummytronics-2017\/paperback\/product-22676827.html\">Vai al sito di vendita<\/a><\/div>\n<div class=\"shipping-info\">\n<div>Stampa in 3-5 giorni feriali<\/div>\n<\/div>\n<div class=\"description\">Questa nuova edizione \u00e8 stata completamente rivista e corretta, nonch\u00e9 migliorata dal punto di vista grafico rispetto alla prima edizione del 2012. \u00c8 inoltre stata ampliata con le nozioni fondamentali di elettrotecnica Il testo guida il neofita nei suoi primi passi nell\u2019affascinante mondo dell\u2019elettronica. Impareremo assieme a costruire un circuito stampato su cui saldare i componenti del nostro primo circuito elettronico. Il libro \u00e8 di impostazione pratica ma la teoria necessaria non \u00e8 affatto trascurata. Imparerai a conoscere resistenze, condensatori, transistor e molto altro.<\/div>\n<\/div>\n<\/div>\n","protected":false},"excerpt":{"rendered":"<p>Elettronica Analogica e Digitale con laboratorio e tecniche SMD. Edizione 2018 Prezzo \u20ac 38,50 (IVA esclusa) Stampa in 3-5 giorni feriali ISBN:9780244691448 Vai al sito di vendita Questo libro, giunto alla seconda edizione a Giungno 2018, sostituisce la precedente di &hellip; <a href=\"https:\/\/www.gtronic.it\/test\/index.php\/altro\/\">Continua a leggere<span class=\"meta-nav\">&rarr;<\/span><\/a><\/p>\n","protected":false},"author":1,"featured_media":0,"parent":0,"menu_order":0,"comment_status":"closed","ping_status":"closed","template":"","meta":[],"_links":{"self":[{"href":"https:\/\/www.gtronic.it\/test\/index.php\/wp-json\/wp\/v2\/pages\/168"}],"collection":[{"href":"https:\/\/www.gtronic.it\/test\/index.php\/wp-json\/wp\/v2\/pages"}],"about":[{"href":"https:\/\/www.gtronic.it\/test\/index.php\/wp-json\/wp\/v2\/types\/page"}],"author":[{"embeddable":true,"href":"https:\/\/www.gtronic.it\/test\/index.php\/wp-json\/wp\/v2\/users\/1"}],"replies":[{"embeddable":true,"href":"https:\/\/www.gtronic.it\/test\/index.php\/wp-json\/wp\/v2\/comments?post=168"}],"version-history":[{"count":9,"href":"https:\/\/www.gtronic.it\/test\/index.php\/wp-json\/wp\/v2\/pages\/168\/revisions"}],"predecessor-version":[{"id":1913,"href":"https:\/\/www.gtronic.it\/test\/index.php\/wp-json\/wp\/v2\/pages\/168\/revisions\/1913"}],"wp:attachment":[{"href":"https:\/\/www.gtronic.it\/test\/index.php\/wp-json\/wp\/v2\/media?parent=168"}],"curies":[{"name":"wp","href":"https:\/\/api.w.org\/{rel}","templated":true}]}}